{"id":4614,"date":"2018-11-15T11:14:03","date_gmt":"2018-11-15T10:14:03","guid":{"rendered":"http:\/\/stansgar.katolsk.no\/?page_id=4614"},"modified":"2018-11-15T12:04:16","modified_gmt":"2018-11-15T11:04:16","slug":"vipps","status":"publish","type":"page","link":"https:\/\/stansgar.katolsk.no\/?page_id=4614","title":{"rendered":"Vipps"},"content":{"rendered":"<h2>Vi tar n\u00e5 i bruk Vipps som betalingsm\u00e5te i kirken.<\/h2>\n<p><span style=\"font-size: 12pt;\">Slik gj\u00f8r du:<\/span><\/p>\n<p><span style=\"font-size: 12pt;\">1 Du m\u00e5 f\u00f8rst \u00e5pne Vipps-appen p\u00e5 din mobil.<\/span><\/p>\n<p><span style=\"font-size: 12pt;\">2 Klikk s\u00e5 p\u00e5 kj\u00f8p og betal<\/span><\/p>\n<p><span style=\"font-size: 12pt;\">3 Skriv inn v\u00e5rt Vipps nr 534797 eller St. Ansgar Kirke.<\/span><\/p>\n<p><span style=\"font-size: 12pt;\">4 Legg inn bel\u00f8p (og en beskjed hvis \u00f8nskelig) og trykk Send.<\/span><\/p>\n<p><span style=\"font-size: 12pt;\">5 En kvittering kommer opp p\u00e5 mobilskjermen din og m\u00e5 vises frem til den som skal ha betalt<\/span><\/p>\n<p><span style=\"font-size: 12pt;\">Har du ikke Vipps? \u00c5 f\u00e5 tilgang tar kun et par minutter!<\/span><\/p>\n<p><span style=\"font-size: 12pt;\">1 Last ned Vipps fra AppStore eller Google Play.<\/span><\/p>\n<p><span style=\"font-size: 12pt;\">2 N\u00e5r appen er ferdig nedlastet, klikk p\u00e5 \u00c5pne.<\/span><\/p>\n<p><span style=\"font-size: 12pt;\">3 Registrer deg ved \u00e5 legge inn navn og kortnummer, og du er klar til \u00e5 ta i bruk Vipps<\/span><\/p>\n","protected":false},"excerpt":{"rendered":"<p>Vi tar n\u00e5 i bruk Vipps som betalingsm\u00e5te i kirken. Slik gj\u00f8r du: 1 Du m\u00e5 f\u00f8rst \u00e5pne Vipps-appen p\u00e5 din mobil. 2 Klikk s\u00e5 p\u00e5 kj\u00f8p og betal 3 Skriv inn v\u00e5rt Vipps nr 534797 eller St. Ansgar Kirke&#8230;.<br \/><a class=\"read-more-button\" href=\"https:\/\/stansgar.katolsk.no\/?page_id=4614\">Read more<\/a><\/p>\n","protected":false},"author":2,"featured_media":4616,"parent":0,"menu_order":0,"comment_status":"closed","ping_status":"closed","template":"","meta":{"footnotes":""},"class_list":["post-4614","page","type-page","status-publish","has-post-thumbnail","hentry"],"_links":{"self":[{"href":"https:\/\/stansgar.katolsk.no\/index.php?rest_route=\/wp\/v2\/pages\/4614","targetHints":{"allow":["GET"]}}],"collection":[{"href":"https:\/\/stansgar.katolsk.no\/index.php?rest_route=\/wp\/v2\/pages"}],"about":[{"href":"https:\/\/stansgar.katolsk.no\/index.php?rest_route=\/wp\/v2\/types\/page"}],"author":[{"embeddable":true,"href":"https:\/\/stansgar.katolsk.no\/index.php?rest_route=\/wp\/v2\/users\/2"}],"replies":[{"embeddable":true,"href":"https:\/\/stansgar.katolsk.no\/index.php?rest_route=%2Fwp%2Fv2%2Fcomments&post=4614"}],"version-history":[{"count":11,"href":"https:\/\/stansgar.katolsk.no\/index.php?rest_route=\/wp\/v2\/pages\/4614\/revisions"}],"predecessor-version":[{"id":4629,"href":"https:\/\/stansgar.katolsk.no\/index.php?rest_route=\/wp\/v2\/pages\/4614\/revisions\/4629"}],"wp:featuredmedia":[{"embeddable":true,"href":"https:\/\/stansgar.katolsk.no\/index.php?rest_route=\/wp\/v2\/media\/4616"}],"wp:attachment":[{"href":"https:\/\/stansgar.katolsk.no\/index.php?rest_route=%2Fwp%2Fv2%2Fmedia&parent=4614"}],"curies":[{"name":"wp","href":"https:\/\/api.w.org\/{rel}","templated":true}]}}