{"id":28,"date":"2018-10-12T08:34:34","date_gmt":"2018-10-12T06:34:34","guid":{"rendered":"http:\/\/stansgar.katolsk.no\/?page_id=28"},"modified":"2026-02-03T13:03:37","modified_gmt":"2026-02-03T12:03:37","slug":"sta-katarina-kapell-lista","status":"publish","type":"page","link":"https:\/\/stansgar.katolsk.no\/?page_id=28","title":{"rendered":"Sta. Katarina kapell, Lista"},"content":{"rendered":"<h3 class=\"post-title entry-title\">Sta. Katarina kapell<\/h3>\n<div class=\"post-header\">\n<div class=\"post-header-line-1\"><\/div>\n<\/div>\n<div id=\"post-body-6340094846604299828\" class=\"post-body entry-content\">\n<div><\/div>\n<div class=\"separator\"><a href=\"https:\/\/2.bp.blogspot.com\/-jiTfvlfWUcI\/W7eehCIG6WI\/AAAAAAAAFs0\/gH5ySFbUJo8jKz-U1KiOnxFrbtOlk0crgCLcBGAs\/s1600\/IMG_0019.jpg\"><img loading=\"lazy\" decoding=\"async\" class=\"aligncenter\" src=\"https:\/\/2.bp.blogspot.com\/-jiTfvlfWUcI\/W7eehCIG6WI\/AAAAAAAAFs0\/gH5ySFbUJo8jKz-U1KiOnxFrbtOlk0crgCLcBGAs\/s320\/IMG_0019.jpg\" width=\"240\" height=\"320\" border=\"0\" data-original-height=\"1600\" data-original-width=\"1200\" \/><\/a><\/div>\n<\/div>\n<div><\/div>\n<div><\/div>\n<h3><strong><strong><span style=\"color: #ff0000;\">OBS! Det blir messe p\u00e5 kapellet: fredag 10. april 2026 kl. 14.00.\u00a0<\/span><\/strong><\/strong><\/h3>\n<h4><strong><strong><span style=\"color: #ff0000;\">\u00a0\u00a0<\/span><\/strong><\/strong><\/h4>\n<div id=\"post-body-6340094846604299828\" class=\"post-body entry-content\">\n<div>Sta. Katarina kapell p\u00e5 Lista er et lite privatkapell,\u00a0viet til St. Katarina av Siena, og til Marias himmelfart.<\/div>\n<div><\/div>\n<div>Kapellet er privat, bygget av Arne Balch- Barth og Elisabeth Vetland i sammenheng med deres bolig p\u00e5 Lista. Selv om kapellet er knyttet til en privatbolig har det adkomst direkte fra parkeringsplass, og er \u00e5pent daglig for b\u00f8nn og tilbedelse.\u00a0 Man kan g\u00e5 direkte til kapellet, uten \u00e5 snakket med huseierne.<\/div>\n<div><\/div>\n<div><\/div>\n<div>Biskop Bernt Eidsvig har gitt tillatelse til at Alterets sakrament kan oppbevares i kapellet.<\/div>\n<div><\/div>\n<div><\/div>\n<div><b>Katolikker og andre interesserte i omr\u00e5det er hjertelig velkomne til en stund i stillhet foran tabernaklet.<\/b><\/div>\n<div><\/div>\n<div><\/div>\n<div>Noen ganger i \u00e5ret vil det bli holdt messe i kapellet. Disse vil bli kunngjort p\u00e5 <a href=\"http:\/\/stansgar.blogspot.com\/\" target=\"_blank\" rel=\"noopener noreferrer\">St. Ansgar menighets blogg<\/a>\u00a0og\u00a0<a href=\"https:\/\/www.facebook.com\/StAnsgar-katolske-menighet-344227842400506\/?ref=bookmarks\" target=\"_blank\" rel=\"noopener noreferrer\">Facebook-side<\/a><\/div>\n<\/div>\n<div><\/div>\n<div><\/div>\n<div id=\"post-body-6340094846604299828\" class=\"post-body entry-content\">\n<div><\/div>\n<div><\/div>\n<div>Adressen er Vetlandsveien 167, 4560 Vanse. Se kart\u00a0<a href=\"https:\/\/kart.gulesider.no\/?c=58.111082,6.668086&amp;z=14&amp;q=%22Vetlandsveien,%20167,%20VANSE%22;232949402;geo\" target=\"_blank\" rel=\"noopener noreferrer\">her<\/a><\/div>\n<div><\/div>\n<div>Kj\u00f8r fra Vanse mot Ore. Ta til h\u00f8yre ved skilt til Vetteland, inn p\u00e5 Vetlandsveien. Kj\u00f8r ca 1.5 km oppover, til man ser en bussbu p\u00e5 venstre h\u00e5nd. Innkj\u00f8rsel til kapellet er til h\u00f8yre, like f\u00f8r bussbua. Det st\u00e5r Vetlandsveien 167 p\u00e5 postkassen ved innkj\u00f8rselen.<\/div>\n<div><\/div>\n<div><\/div>\n<div><\/div>\n<div class=\"separator\"><a href=\"https:\/\/1.bp.blogspot.com\/-8O4-Jh5T3ZA\/W7eefiqUSEI\/AAAAAAAAFs8\/yONytVr5qUYM9h_-mGL7OLWKJQ4dDgV9wCEwYBhgL\/s1600\/IMG_0024.jpg\"><img loading=\"lazy\" decoding=\"async\" src=\"https:\/\/1.bp.blogspot.com\/-8O4-Jh5T3ZA\/W7eefiqUSEI\/AAAAAAAAFs8\/yONytVr5qUYM9h_-mGL7OLWKJQ4dDgV9wCEwYBhgL\/s320\/IMG_0024.jpg\" width=\"240\" height=\"320\" border=\"0\" data-original-height=\"1600\" data-original-width=\"1200\" \/><\/a><\/div>\n<div class=\"separator\"><\/div>\n<div class=\"separator\"><\/div>\n<div class=\"separator\"><\/div>\n<div class=\"separator\"><\/div>\n<div>Ta gjerne kontakt for mer informasjon p\u00e5 tlf 97985890.<\/div>\n<div><\/div>\n<div><\/div>\n<div><\/div>\n<div><\/div>\n<div class=\"separator\"><a href=\"https:\/\/3.bp.blogspot.com\/-XsrxLLmPGBU\/W7eemLdymdI\/AAAAAAAAFs4\/7g4hqtXGggogvuSZtsUZr5wRtzWHWLe4ACLcBGAs\/s1600\/IMG_8190.jpg\"><img loading=\"lazy\" decoding=\"async\" src=\"https:\/\/3.bp.blogspot.com\/-XsrxLLmPGBU\/W7eemLdymdI\/AAAAAAAAFs4\/7g4hqtXGggogvuSZtsUZr5wRtzWHWLe4ACLcBGAs\/s320\/IMG_8190.jpg\" width=\"320\" height=\"240\" border=\"0\" data-original-height=\"1200\" data-original-width=\"1600\" \/><\/a><\/div>\n<\/div>\n","protected":false},"excerpt":{"rendered":"<p>Sta. Katarina kapell OBS! Det blir messe p\u00e5 kapellet: fredag 10. april 2026 kl. 14.00.\u00a0 \u00a0\u00a0 Sta. Katarina kapell p\u00e5 Lista er et lite privatkapell,\u00a0viet til St. Katarina av Siena, og til Marias himmelfart. Kapellet er privat, bygget av Arne&#8230;<br \/><a class=\"read-more-button\" href=\"https:\/\/stansgar.katolsk.no\/?page_id=28\">Read more<\/a><\/p>\n","protected":false},"author":2,"featured_media":0,"parent":17,"menu_order":0,"comment_status":"closed","ping_status":"open","template":"","meta":{"footnotes":""},"class_list":["post-28","page","type-page","status-publish","hentry"],"_links":{"self":[{"href":"https:\/\/stansgar.katolsk.no\/index.php?rest_route=\/wp\/v2\/pages\/28","targetHints":{"allow":["GET"]}}],"collection":[{"href":"https:\/\/stansgar.katolsk.no\/index.php?rest_route=\/wp\/v2\/pages"}],"about":[{"href":"https:\/\/stansgar.katolsk.no\/index.php?rest_route=\/wp\/v2\/types\/page"}],"author":[{"embeddable":true,"href":"https:\/\/stansgar.katolsk.no\/index.php?rest_route=\/wp\/v2\/users\/2"}],"replies":[{"embeddable":true,"href":"https:\/\/stansgar.katolsk.no\/index.php?rest_route=%2Fwp%2Fv2%2Fcomments&post=28"}],"version-history":[{"count":14,"href":"https:\/\/stansgar.katolsk.no\/index.php?rest_route=\/wp\/v2\/pages\/28\/revisions"}],"predecessor-version":[{"id":22895,"href":"https:\/\/stansgar.katolsk.no\/index.php?rest_route=\/wp\/v2\/pages\/28\/revisions\/22895"}],"up":[{"embeddable":true,"href":"https:\/\/stansgar.katolsk.no\/index.php?rest_route=\/wp\/v2\/pages\/17"}],"wp:attachment":[{"href":"https:\/\/stansgar.katolsk.no\/index.php?rest_route=%2Fwp%2Fv2%2Fmedia&parent=28"}],"curies":[{"name":"wp","href":"https:\/\/api.w.org\/{rel}","templated":true}]}}