{"id":25,"date":"2018-10-12T08:32:49","date_gmt":"2018-10-12T06:32:49","guid":{"rendered":"http:\/\/stansgar.katolsk.no\/?page_id=25"},"modified":"2026-04-21T09:04:40","modified_gmt":"2026-04-21T07:04:40","slug":"lyngdal-farsund-flekkefjord","status":"publish","type":"page","link":"https:\/\/stansgar.katolsk.no\/?page_id=25","title":{"rendered":"Lyngdal\/Farsund\/Flekkefjord"},"content":{"rendered":"\n<p><b><u>For tiden feires det ikke messer i Farsund, Lyngdal har overtatt som fast messested.<\/u><\/b><\/p>\n\n\n\n<p>&nbsp;<\/p>\n\n\n\n<h2 class=\"wp-block-heading\"><strong>Messeplan for v\u00e5ren 2026:<\/strong><\/h2>\n\n\n\n<p>&nbsp;<\/p>\n\n\n\n<h3 class=\"wp-block-heading\"><b>Lyngdal:<\/b><\/h3>\n\n\n\n<figure class=\"wp-block-table\"><table class=\"has-fixed-layout\"><tbody><tr><td>L\u00f8rdag<\/td><td>&nbsp; 24. januar<\/td><td>&nbsp; kl. 14.00<br><br><br><\/td><\/tr><tr><td>&nbsp; L\u00f8rdag<\/td><td>&nbsp; 28. februar<\/td><td>&nbsp; kl. 14.00<br><br><br><\/td><\/tr><tr><td>&nbsp; L\u00f8rdag<\/td><td>&nbsp; 28. mars<\/td><td>&nbsp; kl. 14.00<br><br><br><\/td><\/tr><tr><td>&nbsp; L\u00f8rdag<\/td><td>&nbsp; 25. april<\/td><td>\u00a0 kl. 14.00 (messen feires i Lyngdal kapell v\/kirkeg\u00e5rden)<br><br><br><\/td><\/tr><tr><td>&nbsp; L\u00f8rdag<\/td><td>&nbsp; 23. mai<\/td><td>&nbsp; kl. 14.00<br><br><br><\/td><\/tr><tr><td>&nbsp; L\u00f8rdag<\/td><td>&nbsp; 27 juni<\/td><td>&nbsp; kl. 14.00<br><br><\/td><\/tr><\/tbody><\/table><\/figure>\n\n\n\n<p>Messe feires <b>kl 14.00 i Lyngdal kirkesenter- Fiboveien 32.<\/b> Mulighet for skriftem\u00e5l fra klokken 13.30<\/p>\n\n\n\n<p>Messen feires hver 4.l\u00f8rdag i m\u00e5neden.<\/p>\n\n\n\n<p>&nbsp;<\/p>\n\n\n\n<h3 class=\"wp-block-heading\"><b><\/b><b>Flekkefjord:<\/b><\/h3>\n\n\n\n<p>Messe feires i <b>velferdsstuen i Nygaten 7(ved Politistasjonen) kl. 17.00.<\/b> Mulighet for skriftem\u00e5l fra klokken 16.30:<\/p>\n\n\n\n<p>Messen feires hver 4.l\u00f8rdag i m\u00e5neden<\/p>\n\n\n\n<p>&nbsp;<\/p>\n\n\n\n<figure class=\"wp-block-table\"><table class=\"has-fixed-layout\"><tbody><tr><td>L\u00f8rdag<\/td><td>24. januar<\/td><td>kl. 17.00<\/td><\/tr><tr><td>L\u00f8rdag<\/td><td>28. februar<\/td><td>kl. 17.00<\/td><\/tr><tr><td>L\u00f8rdag<\/td><td>28. mars<\/td><td>kl. 17.00<\/td><\/tr><tr><td>L\u00f8rdag<\/td><td>25. april<\/td><td>kl. 17.00<\/td><\/tr><tr><td>L\u00f8rdag<\/td><td>23. mai<\/td><td>kl. 17.00<\/td><\/tr><tr><td>L\u00f8rdag<\/td><td>27. juni<\/td><td>kl. 17.00<\/td><\/tr><\/tbody><\/table><\/figure>\n\n\n\n<p>&nbsp;<\/p>\n\n\n\n<p>&nbsp;<\/p>\n\n\n\n<p><b>Velkommen!<\/b><\/p>\n\n\n\n<p><span style=\"color: #ff0000;\"><strong>Obs!<\/strong> &nbsp;&nbsp;<\/span><\/p>\n\n\n\n<p><span style=\"color: #ff0000;\">I juli og august er det ikke messer i Lyngdal og Flekkefjord.&nbsp;<\/span><\/p>\n\n\n\n<p>&nbsp;<\/p>\n\n\n\n<p><strong>Vennlig hilsen<\/strong><\/p>\n\n\n\n<p>p. Dang Quang Tien<\/p>\n\n\n\n<p>Sogneadministrator<\/p>\n\n\n\n<p>&nbsp;<\/p>\n\n\n\n<h3 class=\"wp-block-heading post-title entry-title\"><\/h3>\n","protected":false},"excerpt":{"rendered":"<p>For tiden feires det ikke messer i Farsund, Lyngdal har overtatt som fast messested. &nbsp; Messeplan for v\u00e5ren 2026: &nbsp; Lyngdal: L\u00f8rdag &nbsp; 24. januar &nbsp; kl. 14.00 &nbsp; L\u00f8rdag &nbsp; 28. februar &nbsp; kl. 14.00 &nbsp; L\u00f8rdag &nbsp; 28&#8230;.<br \/><a class=\"read-more-button\" href=\"https:\/\/stansgar.katolsk.no\/?page_id=25\">Read more<\/a><\/p>\n","protected":false},"author":2,"featured_media":0,"parent":17,"menu_order":0,"comment_status":"closed","ping_status":"open","template":"","meta":{"footnotes":""},"class_list":["post-25","page","type-page","status-publish","hentry"],"_links":{"self":[{"href":"https:\/\/stansgar.katolsk.no\/index.php?rest_route=\/wp\/v2\/pages\/25","targetHints":{"allow":["GET"]}}],"collection":[{"href":"https:\/\/stansgar.katolsk.no\/index.php?rest_route=\/wp\/v2\/pages"}],"about":[{"href":"https:\/\/stansgar.katolsk.no\/index.php?rest_route=\/wp\/v2\/types\/page"}],"author":[{"embeddable":true,"href":"https:\/\/stansgar.katolsk.no\/index.php?rest_route=\/wp\/v2\/users\/2"}],"replies":[{"embeddable":true,"href":"https:\/\/stansgar.katolsk.no\/index.php?rest_route=%2Fwp%2Fv2%2Fcomments&post=25"}],"version-history":[{"count":55,"href":"https:\/\/stansgar.katolsk.no\/index.php?rest_route=\/wp\/v2\/pages\/25\/revisions"}],"predecessor-version":[{"id":23094,"href":"https:\/\/stansgar.katolsk.no\/index.php?rest_route=\/wp\/v2\/pages\/25\/revisions\/23094"}],"up":[{"embeddable":true,"href":"https:\/\/stansgar.katolsk.no\/index.php?rest_route=\/wp\/v2\/pages\/17"}],"wp:attachment":[{"href":"https:\/\/stansgar.katolsk.no\/index.php?rest_route=%2Fwp%2Fv2%2Fmedia&parent=25"}],"curies":[{"name":"wp","href":"https:\/\/api.w.org\/{rel}","templated":true}]}}