{"id":1393,"date":"2018-09-25T21:19:00","date_gmt":"2018-09-25T19:19:00","guid":{"rendered":"http:\/\/stansgar.katolsk.no\/index.php\/ministrantlag\/"},"modified":"2018-10-15T18:39:00","modified_gmt":"2018-10-15T16:39:00","slug":"ministrantlag","status":"publish","type":"page","link":"https:\/\/stansgar.katolsk.no\/?page_id=1393","title":{"rendered":"Ministrantlag"},"content":{"rendered":"<p><strong>Ministranter i St.Ansgar menighet<img loading=\"lazy\" decoding=\"async\" class=\"size-medium wp-image-4189 alignleft\" src=\"http:\/\/stansgar.katolsk.no\/wp-content\/uploads\/2018\/10\/IMG_29571-300x211.jpg\" alt=\"\" width=\"300\" height=\"211\" srcset=\"https:\/\/stansgar.katolsk.no\/wp-content\/uploads\/2018\/10\/IMG_29571-300x211.jpg 300w, https:\/\/stansgar.katolsk.no\/wp-content\/uploads\/2018\/10\/IMG_29571.jpg 700w\" sizes=\"auto, (max-width: 300px) 100vw, 300px\" \/><br \/>\n<\/strong>Lenge har ministranter v\u00e6rt aktive i v\u00e5r menighet. Vi har mange unge nye ministranter, ministranter som har ministrert i flere \u00e5r og til og med ministranter som har g\u00e5tt over til \u00e5 bli ledere for ministrantlaget. \u00c5 ministrere er ikke bare \u00e5 tjene kirken, men ogs\u00e5 st\u00e5 fram som et eksempel, et forbilde for menigheten, for b\u00e5de store og sm\u00e5. Ikke bare tjener ministrantene under messene, men er ogs\u00e5 med p\u00e5 \u00e5 bygge felleskapet for de unge i menigheten. Milj\u00f8, fellesskap og tjene kirken er sentrale begreper som st\u00e5r sterkt i v\u00e5r oppgave\/gruppe.<\/p>\n<p>Ministrantlaget, ogs\u00e5 kjent som SAML, er ogs\u00e5 med \u00e5 konkurrere p\u00e5 et nasjonalt niv\u00e5 der ferdighetene deres blir testet. Ministrant-NM startet opp igjen for fire \u00e5r siden etter \u00e5 ha hatt en pause i noen \u00e5r. Kristiansand ministrantlag har blant annet vunnet to gull de siste fire \u00e5rene, og har latt Bergen ministrantlag vinne av barmhjertighet.<\/p>\n<p>\u00c5 ministrere passer for alle barn, ungdom og til og med voksne som har lyst i v\u00e6re med. Du trenger ikke \u00e5 v\u00e6re ekstrem troende, ha mye kunnskap eller v\u00e6re i en spesiell alder for \u00e5 begynne. Det du melder deg inn i n\u00e5r du vil bli ministrant er \u00e5 v\u00e6re med p\u00e5 \u00e5 bygge et felleskap i kirken, tjene V\u00e5r Herre og v\u00e6re et forbilde for alle i menigheten. Det er ikke mer enn \u00e5 m\u00f8te opp p\u00e5 skifterommet og si at du vil ministrere, eller bare ta kontakt med en av lederne. Vi tar alle nye ministranter godt imot og man f\u00e5r selvf\u00f8lgelig oppl\u00e6ring av lederne, som f\u00f8lger deg helt til du greier \u00e5 ministrere selvstendig.<\/p>\n","protected":false},"excerpt":{"rendered":"<p>Ministranter i St.Ansgar menighet Lenge har ministranter v\u00e6rt aktive i v\u00e5r menighet. Vi har mange unge nye ministranter, ministranter som har ministrert i flere \u00e5r og til og med ministranter som har g\u00e5tt over til \u00e5 bli ledere for ministrantlaget&#8230;.<br \/><a class=\"read-more-button\" href=\"https:\/\/stansgar.katolsk.no\/?page_id=1393\">Read more<\/a><\/p>\n","protected":false},"author":3,"featured_media":0,"parent":0,"menu_order":0,"comment_status":"closed","ping_status":"closed","template":"","meta":{"footnotes":""},"class_list":["post-1393","page","type-page","status-publish","hentry"],"_links":{"self":[{"href":"https:\/\/stansgar.katolsk.no\/index.php?rest_route=\/wp\/v2\/pages\/1393","targetHints":{"allow":["GET"]}}],"collection":[{"href":"https:\/\/stansgar.katolsk.no\/index.php?rest_route=\/wp\/v2\/pages"}],"about":[{"href":"https:\/\/stansgar.katolsk.no\/index.php?rest_route=\/wp\/v2\/types\/page"}],"author":[{"embeddable":true,"href":"https:\/\/stansgar.katolsk.no\/index.php?rest_route=\/wp\/v2\/users\/3"}],"replies":[{"embeddable":true,"href":"https:\/\/stansgar.katolsk.no\/index.php?rest_route=%2Fwp%2Fv2%2Fcomments&post=1393"}],"version-history":[{"count":7,"href":"https:\/\/stansgar.katolsk.no\/index.php?rest_route=\/wp\/v2\/pages\/1393\/revisions"}],"predecessor-version":[{"id":4190,"href":"https:\/\/stansgar.katolsk.no\/index.php?rest_route=\/wp\/v2\/pages\/1393\/revisions\/4190"}],"wp:attachment":[{"href":"https:\/\/stansgar.katolsk.no\/index.php?rest_route=%2Fwp%2Fv2%2Fmedia&parent=1393"}],"curies":[{"name":"wp","href":"https:\/\/api.w.org\/{rel}","templated":true}]}}