{"id":12307,"date":"2023-09-01T14:13:33","date_gmt":"2023-09-01T12:13:33","guid":{"rendered":"https:\/\/stansgar.katolsk.no\/?page_id=12307"},"modified":"2025-12-08T21:49:39","modified_gmt":"2025-12-08T20:49:39","slug":"katekese-datoer","status":"publish","type":"page","link":"https:\/\/stansgar.katolsk.no\/?page_id=12307","title":{"rendered":"Katekesedatoer"},"content":{"rendered":"\r\n<h3>Katekese\u00e5ret 2025\/2026<\/h3>\r\n<h3><strong>&#8211; F\u00d8RSTE L\u00d8RDAG I M\u00c5NEDEN:<\/strong><\/h3>\r\n\r\n\r\n\r\n<p><span style=\"color: #ff0000;\"><strong>H\u00f8sten 2025:<\/strong><\/span> <br><strong>20.09.<\/strong> ( 3. l\u00f8rdag pga. konfirmasjon) NB! Det er katekeseoppstart for 8. trinn.&nbsp;<br><strong>18.10.<\/strong> (3. l\u00f8rdag for \u00e5 unng\u00e5 h\u00f8stferien) NB! Det er katekeseoppstart for 9. trinn kl. 10.00-10.30 i kirken pga leir i september.&nbsp;<br><strong>01.11.<\/strong><br><strong>06.12.<\/strong><\/p>\r\n[bg_collapse view=&raquo;button-orange&raquo; color=&raquo;#4a4949&#8243; expand_text=&raquo;Vis mer&raquo; collapse_text=&raquo;Vis mindre&raquo; ]\r\n<p>\r\n\r\n<\/p>\r\n<ul class=\"wp-block-list\">\r\n<li>For 9. trinn er det leir p\u00e5 Stella Maris 19.09. &#8211; 21.09. 2025<br><br><\/li>\r\n<\/ul>\r\n<p>\r\n\r\n<\/p>\r\n<p><span style=\"color: #ff0000;\"><strong>V\u00e5ren 2026:<\/strong><\/span> <br><strong>*17.01.<\/strong><br><strong>07.02.&nbsp;<\/strong><br><strong>07.03.<\/strong><br><strong>18.04. ( 3. l\u00f8rdag pga. p\u00e5ske, OBS! kun katekese for 8. trinn; 9. trinn har praksis 11.04 p\u00e5 1&#8211;4. trinn)<\/strong><br><strong>02.05. <\/strong><br><strong>06.06.<\/strong> (felles avslutning for hele katekesen, 8. og 9. trinn har katekese p\u00e5 ettermiddagen fra kl. 13.00)<\/p>\r\n<p>\r\n\r\n<\/p>\r\n<ul class=\"wp-block-list\">\r\n<li>Det er det felles avslutning l\u00f8rdag 6. juni. Da er det katekese for 8. og 9. trinn p\u00e5 ettermiddagen , kl. 13.00- 17.00<\/li>\r\n<\/ul>\r\n<p>\r\n\r\n<\/p>\r\n<p><strong><br>KATEKESETIMEPLAN: Kl. 10:00 \u2013 14:00: 8. og 9. trinn har katekese:<\/strong><br>Kl. 10.00 &#8211; 11.00: Katekese<br>Kl. 11.00 &#8211; 11.30: Lunsj<br>Kl. 11.30 &#8211; 11.45: Tilbedelse<br>Kl. 11.45 &#8211; 13.00: Katekese<br>Kl. 13.00 &#8211; 14.00: Katekesemesse<\/p>\r\n[\/bg_collapse]\r\n<h3>&#8211; ANDRE L\u00d8RDAG I M\u00c5NEDEN:<\/h3>\r\n<p><span style=\"color: #ff0000;\"><strong>H\u00f8sten 2025:<\/strong><\/span> <br><strong>13.09. NB! Katekeseoppstart for 1.- 4. trinn&nbsp; og for 5.-7. trinn<br>11.10.<br><\/strong><strong>08.11.<br>13.12.<\/strong><\/p>\r\n<p><span style=\"color: #ff0000;\"><strong>V\u00e5ren 2026:<\/strong><\/span> <br><strong>10.01.<br>14.02.<br>14.03.<br>11.04.<br>09.05.&nbsp;<br>06.06.<\/strong> (felles avslutning for hele katekesen) 8. og 9. trinn har katekese p\u00e5 ettermiddagen.&nbsp;<br>[bg_collapse view=&raquo;button-orange&raquo; color=&raquo;#4a4949&#8243; expand_text=&raquo;Vis mer &raquo; collapse_text=&raquo;Vis mindre&raquo; ]\r\n<p><strong>KATEKESETIMEPLAN: Kl. 10:00 &#8211; 14:00: 1., 2., 3A, 3B, 3C og 4. trinn<\/strong><br>Kl. 10.00 &#8211; 11.00: Katekese<br>Kl. 11.00 &#8211; 11.30: Lunsj<br>Kl. 11.30 &#8211; 11.45: Tilbedelse<br>Kl. 11.45 &#8211; 13.00: Katekese<br>Kl. 13.00 &#8211; 14.00: Katekesemesse<\/p>\r\n<p><strong>Kl. 13:00 \u2013 17:00: 5., 6., 7. trinn<br><\/strong>Kl. 13.00 &#8211; 14.00: Katekesemesse<br>Kl. 14.00 &#8211; 15.00: Katekese<br>Kl. 15.00 &#8211; 15.30: Lunsj<br>Kl. 15.30 &#8211; 15.45: Tilbedelse<br>Kl. 15.45 &#8211; 17.00: Katekese<\/p>\r\n[\/bg_collapse]\r\n<h3>&#8211; TREDJE S\u00d8NDAG I M\u00c5NEDEN- forberedelse til 1. hellige kommunion:<\/h3>\r\n<p><span style=\"color: #ff0000;\"><strong>H\u00f8sten 2025:<\/strong><\/span> <br>21.09.<br>19.10.<br>16.11.<br>21.12.<\/p>\r\n[bg_collapse view=&raquo;button-orange&raquo; color=&raquo;#4a4949&#8243; expand_text=&raquo;Vis mer&raquo; collapse_text=&raquo;Vis mindre&raquo; ]<br><br><span style=\"color: #ff0000;\"><strong>V\u00e5ren 2026:<\/strong><\/span> <br>18.01.<br>februar: ikke katekese<br>15.03.<br>19.04.&nbsp;<\/p>\r\n<p>Kl. 10.15 &#8211; 10.45: katekese<br>Obligatorisk deltakelse i messen enten kl. 9.00 p\u00e5 polsk eller kl. 11.00 p\u00e5 norsk.&nbsp;<\/p>\r\n<p>NB! Polske barn som skal motta 1. Hellige Kommunion i Polen har ikke katekese s\u00f8ndag 18. mai.<\/p>\r\n[\/bg_collapse]\r\n<p><\/p>","protected":false},"excerpt":{"rendered":"<p>Katekese\u00e5ret 2025\/2026 &#8211; F\u00d8RSTE L\u00d8RDAG I M\u00c5NEDEN: H\u00f8sten 2025: 20.09. ( 3. l\u00f8rdag pga. konfirmasjon) NB! Det er katekeseoppstart for 8. trinn.&nbsp;18.10. (3. l\u00f8rdag for \u00e5 unng\u00e5 h\u00f8stferien) NB! Det er katekeseoppstart for 9. trinn kl. 10.00-10.30 i kirken pga&#8230;<br \/><a class=\"read-more-button\" href=\"https:\/\/stansgar.katolsk.no\/?page_id=12307\">Read more<\/a><\/p>\n","protected":false},"author":1,"featured_media":0,"parent":0,"menu_order":0,"comment_status":"closed","ping_status":"closed","template":"","meta":{"footnotes":""},"class_list":["post-12307","page","type-page","status-publish","hentry"],"_links":{"self":[{"href":"https:\/\/stansgar.katolsk.no\/index.php?rest_route=\/wp\/v2\/pages\/12307","targetHints":{"allow":["GET"]}}],"collection":[{"href":"https:\/\/stansgar.katolsk.no\/index.php?rest_route=\/wp\/v2\/pages"}],"about":[{"href":"https:\/\/stansgar.katolsk.no\/index.php?rest_route=\/wp\/v2\/types\/page"}],"author":[{"embeddable":true,"href":"https:\/\/stansgar.katolsk.no\/index.php?rest_route=\/wp\/v2\/users\/1"}],"replies":[{"embeddable":true,"href":"https:\/\/stansgar.katolsk.no\/index.php?rest_route=%2Fwp%2Fv2%2Fcomments&post=12307"}],"version-history":[{"count":27,"href":"https:\/\/stansgar.katolsk.no\/index.php?rest_route=\/wp\/v2\/pages\/12307\/revisions"}],"predecessor-version":[{"id":22754,"href":"https:\/\/stansgar.katolsk.no\/index.php?rest_route=\/wp\/v2\/pages\/12307\/revisions\/22754"}],"wp:attachment":[{"href":"https:\/\/stansgar.katolsk.no\/index.php?rest_route=%2Fwp%2Fv2%2Fmedia&parent=12307"}],"curies":[{"name":"wp","href":"https:\/\/api.w.org\/{rel}","templated":true}]}}

<h3>Katekeseåret 2025/2026</h3>
<h3><strong>&#8211; FØRSTE LØRDAG I MÅNEDEN:</strong></h3>



<p><span style="color: #ff0000;"><strong>Høsten 2025:</strong></span> <br><strong>20.09.</strong> ( 3. lørdag pga. konfirmasjon) NB! Det er katekeseoppstart for 8. trinn.&nbsp;<br><strong>18.10.</strong> (3. lørdag for å unngå høstferien) NB! Det er katekeseoppstart for 9. trinn kl. 10.00-10.30 i kirken pga leir i september.&nbsp;<br><strong>01.11.</strong><br><strong>06.12.</strong></p>
[bg_collapse view=&raquo;button-orange&raquo; color=&raquo;#4a4949&#8243; expand_text=&raquo;Vis mer&raquo; collapse_text=&raquo;Vis mindre&raquo; ]
<p>

</p>
<ul class="wp-block-list">
<li>For 9. trinn er det leir på Stella Maris 19.09. &#8211; 21.09. 2025<br><br></li>
</ul>
<p>

</p>
<p><span style="color: #ff0000;"><strong>Våren 2026:</strong></span> <br><strong>*17.01.</strong><br><strong>07.02.&nbsp;</strong><br><strong>07.03.</strong><br><strong>18.04. ( 3. lørdag pga. påske, OBS! kun katekese for 8. trinn; 9. trinn har praksis 11.04 på 1&#8211;4. trinn)</strong><br><strong>02.05. </strong><br><strong>06.06.</strong> (felles avslutning for hele katekesen, 8. og 9. trinn har katekese på ettermiddagen fra kl. 13.00)</p>
<p>

</p>
<ul class="wp-block-list">
<li>Det er det felles avslutning lørdag 6. juni. Da er det katekese for 8. og 9. trinn på ettermiddagen , kl. 13.00- 17.00</li>
</ul>
<p>

</p>
<p><strong><br>KATEKESETIMEPLAN: Kl. 10:00 – 14:00: 8. og 9. trinn har katekese:</strong><br>Kl. 10.00 &#8211; 11.00: Katekese<br>Kl. 11.00 &#8211; 11.30: Lunsj<br>Kl. 11.30 &#8211; 11.45: Tilbedelse<br>Kl. 11.45 &#8211; 13.00: Katekese<br>Kl. 13.00 &#8211; 14.00: Katekesemesse</p>
[/bg_collapse]
<h3>&#8211; ANDRE LØRDAG I MÅNEDEN:</h3>
<p><span style="color: #ff0000;"><strong>Høsten 2025:</strong></span> <br><strong>13.09. NB! Katekeseoppstart for 1.- 4. trinn&nbsp; og for 5.-7. trinn<br>11.10.<br></strong><strong>08.11.<br>13.12.</strong></p>
<p><span style="color: #ff0000;"><strong>Våren 2026:</strong></span> <br><strong>10.01.<br>14.02.<br>14.03.<br>11.04.<br>09.05.&nbsp;<br>06.06.</strong> (felles avslutning for hele katekesen) 8. og 9. trinn har katekese på ettermiddagen.&nbsp;<br>[bg_collapse view=&raquo;button-orange&raquo; color=&raquo;#4a4949&#8243; expand_text=&raquo;Vis mer &raquo; collapse_text=&raquo;Vis mindre&raquo; ]
<p><strong>KATEKESETIMEPLAN: Kl. 10:00 &#8211; 14:00: 1., 2., 3A, 3B, 3C og 4. trinn</strong><br>Kl. 10.00 &#8211; 11.00: Katekese<br>Kl. 11.00 &#8211; 11.30: Lunsj<br>Kl. 11.30 &#8211; 11.45: Tilbedelse<br>Kl. 11.45 &#8211; 13.00: Katekese<br>Kl. 13.00 &#8211; 14.00: Katekesemesse</p>
<p><strong>Kl. 13:00 – 17:00: 5., 6., 7. trinn<br></strong>Kl. 13.00 &#8211; 14.00: Katekesemesse<br>Kl. 14.00 &#8211; 15.00: Katekese<br>Kl. 15.00 &#8211; 15.30: Lunsj<br>Kl. 15.30 &#8211; 15.45: Tilbedelse<br>Kl. 15.45 &#8211; 17.00: Katekese</p>
[/bg_collapse]
<h3>&#8211; TREDJE SØNDAG I MÅNEDEN- forberedelse til 1. hellige kommunion:</h3>
<p><span style="color: #ff0000;"><strong>Høsten 2025:</strong></span> <br>21.09.<br>19.10.<br>16.11.<br>21.12.</p>
[bg_collapse view=&raquo;button-orange&raquo; color=&raquo;#4a4949&#8243; expand_text=&raquo;Vis mer&raquo; collapse_text=&raquo;Vis mindre&raquo; ]<br><br><span style="color: #ff0000;"><strong>Våren 2026:</strong></span> <br>18.01.<br>februar: ikke katekese<br>15.03.<br>19.04.&nbsp;</p>
<p>Kl. 10.15 &#8211; 10.45: katekese<br>Obligatorisk deltakelse i messen enten kl. 9.00 på polsk eller kl. 11.00 på norsk.&nbsp;</p>
<p>NB! Polske barn som skal motta 1. Hellige Kommunion i Polen har ikke katekese søndag 18. mai.</p>
[/bg_collapse]
<p></p>

<p>Katekeseåret 2025/2026 &#8211; FØRSTE LØRDAG I MÅNEDEN: Høsten 2025: 20.09. ( 3. lørdag pga. konfirmasjon) NB! Det er katekeseoppstart for 8. trinn.&nbsp;18.10. (3. lørdag for å unngå høstferien) NB! Det er katekeseoppstart for 9. trinn kl. 10.00-10.30 i kirken pga&#8230;<br /><a class="read-more-button" href="https://stansgar.katolsk.no/?page_id=12307">Read more</a></p>
