{"id":12125,"date":"2023-08-16T13:59:25","date_gmt":"2023-08-16T11:59:25","guid":{"rendered":"https:\/\/stansgar.katolsk.no\/?page_id=12125"},"modified":"2025-08-27T13:21:36","modified_gmt":"2025-08-27T11:21:36","slug":"viktige-datoer-for-kateketer","status":"publish","type":"page","link":"https:\/\/stansgar.katolsk.no\/?page_id=12125","title":{"rendered":"Viktige datoer for kateketer"},"content":{"rendered":"<h2>AUGUST 2025<\/h2>\n<ul>\n<li><strong>RETRETT P\u00c5 STELLA MARIS I <u>MANDAL<\/u><\/strong><br \/>\n[bg_collapse view=&raquo;button-orange&raquo; color=&raquo;#4a4949&#8243; icon=&raquo;arrow&raquo; expand_text=&raquo;Vis mer&raquo; collapse_text=&raquo;Vis mindre&raquo; ]\nFredag 22.08. begynner retretten med messe kl. 18.00 i St. Ansgar kirke. Etter messen kj\u00f8rer vi samlet til Stella Maris. S\u00f8ndag 24.08. kl. 11.30 drar vi hjem. Overnattingsalternativer: P\u00e5 Stella Maris eller hjemme<br \/>\n[\/bg_collapse]<\/li>\n<li><strong>KATEKETM\u00d8TE L\u00d8RDAG 30.08. I ST. ANSGAR MENIGHET I <u>KRISTIANSAND (menighetssalen)<br \/>\n<\/u><\/strong>[bg_collapse view=&raquo;button-orange&raquo; color=&raquo;#4a4949&#8243; icon=&raquo;arrow&raquo; expand_text=&raquo;Vis mer&raquo; collapse_text=&raquo;Vis mindre&raquo; ]\nL\u00f8rdag 30.08. klokka 10.00 &#8211; 12.00 i menighetssalen<br \/>\n[\/bg_collapse]<strong><u><br \/>\n<\/u><\/strong><\/li>\n<\/ul>\n<h2>SEPTEMBER 2025<\/h2>\n<ul>\n<li><strong>KONFIRMASJONSLEIR P\u00c5 STELLA MARIS<\/strong><br \/>\n19. &#8211; 21. september: 9. trinn er p\u00e5 konfirmasjonsleir p\u00e5 Stella Maris.<\/li>\n<\/ul>\n<h2>OKTOBER 2025<\/h2>\n<p>11.10. Feire helgendagen til Carlo Acutis som er 12.10.<\/p>\n<h2><span style=\"color: #222222; font-family: Oswald, Arial, Helvetica, sans-serif; font-size: 21px;\">NOVEMBER 2025<\/span><\/h2>\n<p>&nbsp;<\/p>\n<h2>DESEMBER 2025<\/h2>\n<ul>\n<li><strong>JULESPILL: Framf\u00f8ring i katekesemessen 13.12.<\/strong><\/li>\n<\/ul>\n<h2>JANUAR 2026<\/h2>\n<ul>\n<li><strong>FEST I KATEKESEN FOR ALLE KATEKETER, HJELPEKATEKETER, LUNSJHJELPERE OG ANDRE HJELPERE:<\/strong><br \/>\n[bg_collapse view=&raquo;button-orange&raquo; color=&raquo;#4a4949&#8243; icon=&raquo;arrow&raquo; expand_text=&raquo;Vis mer&raquo; collapse_text=&raquo;Vis mindre&raquo; ]\n<strong>03.01.2025 <\/strong>er det fest i menighetssalen kl. 14.00 \u2013 17.00.<br \/>\n[\/bg_collapse]<\/li>\n<\/ul>\n<h2>FEBRUAR 2026<\/h2>\n<ul>\n<li><strong>PRAKSIS I KATEKESEN<\/strong>&nbsp;<br \/>\n[bg_collapse view=&raquo;button-orange&raquo; color=&raquo;#4a4949&#8243; icon=&raquo;arrow&raquo; expand_text=&raquo;Vis mer&raquo; collapse_text=&raquo;Vis mindre&raquo; ]\n<ul>\n<li>I februarkatekesen noterer hovedkateket p\u00e5 9. trinn hvilke klasser konfirmantene \u00f8nsker \u00e5 ha praksis i og sender \u00f8nskene til koordinator.<\/li>\n<li>Koordinator lager en oversikt over hvilke konfirmanter som skal ha praksis i hvilke klasser,<\/li>\n<\/ul>\n<p>og sender oversikten til hovedkateket p\u00e5 9. trinn.<br \/>\n[\/bg_collapse]<\/li>\n<\/ul>\n<h2>MARS 2026<\/h2>\n<ul>\n<li><strong>FASTERETRETT MED MESSE, TILBEDELSE OG SKRIFTEM\u00c5L FOR <u>ALLE<\/u> KATEKETER FREDAG 06.03.2025 kl. 17.00 &#8211; 21.00<\/strong><\/li>\n<\/ul>\n<h2>APRIL 2026<\/h2>\n<ul>\n<li style=\"text-align: left;\"><strong>P\u00c5SKESPILL: Framf\u00f8ring i katekesemessen 14.03.<\/strong><\/li>\n<li><strong>PRAKSIS I KATEKESEN FOR KONFIRMANTER:<\/strong>\n<ul>\n<li>04.: 9. trinn har praksis p\u00e5 1.-4. trinn kl. 10.15 &#8211; 11.45 og 11.30 &#8211; 13.00<\/li>\n<\/ul>\n<\/li>\n<\/ul>\n<p>&nbsp;<\/p>\n<h2>AUGUST 2026<\/h2>\n<ul>\n<li><strong>KATEKETERETRETT P\u00c5 STELLA MARIS&nbsp;<\/strong><br \/>\n[bg_collapse view=&raquo;button-orange&raquo; color=&raquo;#4a4949&#8243; expand_text=&raquo;Vis mer&raquo; collapse_text=&raquo;Vis mindre&raquo; ]\n<strong>KATEKETRETRETT P\u00c5 STELLA MARIS 21. &#8211; 23. AUGUST 2026<\/strong><br \/>\n[\/bg_collapse]<\/li>\n<li><strong>KATEKETM\u00d8TE&nbsp;<\/strong><br \/>\n[bg_collapse view=&raquo;button-orange&raquo; color=&raquo;#4a4949&#8243; expand_text=&raquo;Vis mer&raquo; collapse_text=&raquo;Vis mindre&raquo; ][\/bg_collapse]<\/li>\n<\/ul>\n<p>&nbsp;<\/p>\n","protected":false},"excerpt":{"rendered":"<p>AUGUST 2025 RETRETT P\u00c5 STELLA MARIS I MANDAL [bg_collapse view=&raquo;button-orange&raquo; color=&raquo;#4a4949&#8243; icon=&raquo;arrow&raquo; expand_text=&raquo;Vis mer&raquo; collapse_text=&raquo;Vis mindre&raquo; ] Fredag 22.08. begynner retretten med messe kl. 18.00 i St. Ansgar kirke. Etter messen kj\u00f8rer vi samlet til Stella Maris. S\u00f8ndag 24.08. kl&#8230;.<br \/><a class=\"read-more-button\" href=\"https:\/\/stansgar.katolsk.no\/?page_id=12125\">Read more<\/a><\/p>\n","protected":false},"author":1,"featured_media":0,"parent":0,"menu_order":0,"comment_status":"closed","ping_status":"closed","template":"","meta":{"footnotes":""},"class_list":["post-12125","page","type-page","status-publish","hentry"],"_links":{"self":[{"href":"https:\/\/stansgar.katolsk.no\/index.php?rest_route=\/wp\/v2\/pages\/12125","targetHints":{"allow":["GET"]}}],"collection":[{"href":"https:\/\/stansgar.katolsk.no\/index.php?rest_route=\/wp\/v2\/pages"}],"about":[{"href":"https:\/\/stansgar.katolsk.no\/index.php?rest_route=\/wp\/v2\/types\/page"}],"author":[{"embeddable":true,"href":"https:\/\/stansgar.katolsk.no\/index.php?rest_route=\/wp\/v2\/users\/1"}],"replies":[{"embeddable":true,"href":"https:\/\/stansgar.katolsk.no\/index.php?rest_route=%2Fwp%2Fv2%2Fcomments&post=12125"}],"version-history":[{"count":42,"href":"https:\/\/stansgar.katolsk.no\/index.php?rest_route=\/wp\/v2\/pages\/12125\/revisions"}],"predecessor-version":[{"id":22460,"href":"https:\/\/stansgar.katolsk.no\/index.php?rest_route=\/wp\/v2\/pages\/12125\/revisions\/22460"}],"wp:attachment":[{"href":"https:\/\/stansgar.katolsk.no\/index.php?rest_route=%2Fwp%2Fv2%2Fmedia&parent=12125"}],"curies":[{"name":"wp","href":"https:\/\/api.w.org\/{rel}","templated":true}]}}

<h2>AUGUST 2025</h2>
<ul>
<li><strong>RETRETT PÅ STELLA MARIS I <u>MANDAL</u></strong><br />
[bg_collapse view=&raquo;button-orange&raquo; color=&raquo;#4a4949&#8243; icon=&raquo;arrow&raquo; expand_text=&raquo;Vis mer&raquo; collapse_text=&raquo;Vis mindre&raquo; ]
Fredag 22.08. begynner retretten med messe kl. 18.00 i St. Ansgar kirke. Etter messen kjører vi samlet til Stella Maris. Søndag 24.08. kl. 11.30 drar vi hjem. Overnattingsalternativer: På Stella Maris eller hjemme<br />
[/bg_collapse]</li>
<li><strong>KATEKETMØTE LØRDAG 30.08. I ST. ANSGAR MENIGHET I <u>KRISTIANSAND (menighetssalen)<br />
</u></strong>[bg_collapse view=&raquo;button-orange&raquo; color=&raquo;#4a4949&#8243; icon=&raquo;arrow&raquo; expand_text=&raquo;Vis mer&raquo; collapse_text=&raquo;Vis mindre&raquo; ]
Lørdag 30.08. klokka 10.00 &#8211; 12.00 i menighetssalen<br />
[/bg_collapse]<strong><u><br />
</u></strong></li>
</ul>
<h2>SEPTEMBER 2025</h2>
<ul>
<li><strong>KONFIRMASJONSLEIR PÅ STELLA MARIS</strong><br />
19. &#8211; 21. september: 9. trinn er på konfirmasjonsleir på Stella Maris.</li>
</ul>
<h2>OKTOBER 2025</h2>
<p>11.10. Feire helgendagen til Carlo Acutis som er 12.10.</p>
<h2><span style="color: #222222; font-family: Oswald, Arial, Helvetica, sans-serif; font-size: 21px;">NOVEMBER 2025</span></h2>
<p>&nbsp;</p>
<h2>DESEMBER 2025</h2>
<ul>
<li><strong>JULESPILL: Framføring i katekesemessen 13.12.</strong></li>
</ul>
<h2>JANUAR 2026</h2>
<ul>
<li><strong>FEST I KATEKESEN FOR ALLE KATEKETER, HJELPEKATEKETER, LUNSJHJELPERE OG ANDRE HJELPERE:</strong><br />
[bg_collapse view=&raquo;button-orange&raquo; color=&raquo;#4a4949&#8243; icon=&raquo;arrow&raquo; expand_text=&raquo;Vis mer&raquo; collapse_text=&raquo;Vis mindre&raquo; ]
<strong>03.01.2025 </strong>er det fest i menighetssalen kl. 14.00 – 17.00.<br />
[/bg_collapse]</li>
</ul>
<h2>FEBRUAR 2026</h2>
<ul>
<li><strong>PRAKSIS I KATEKESEN</strong>&nbsp;<br />
[bg_collapse view=&raquo;button-orange&raquo; color=&raquo;#4a4949&#8243; icon=&raquo;arrow&raquo; expand_text=&raquo;Vis mer&raquo; collapse_text=&raquo;Vis mindre&raquo; ]
<ul>
<li>I februarkatekesen noterer hovedkateket på 9. trinn hvilke klasser konfirmantene ønsker å ha praksis i og sender ønskene til koordinator.</li>
<li>Koordinator lager en oversikt over hvilke konfirmanter som skal ha praksis i hvilke klasser,</li>
</ul>
<p>og sender oversikten til hovedkateket på 9. trinn.<br />
[/bg_collapse]</li>
</ul>
<h2>MARS 2026</h2>
<ul>
<li><strong>FASTERETRETT MED MESSE, TILBEDELSE OG SKRIFTEMÅL FOR <u>ALLE</u> KATEKETER FREDAG 06.03.2025 kl. 17.00 &#8211; 21.00</strong></li>
</ul>
<h2>APRIL 2026</h2>
<ul>
<li style="text-align: left;"><strong>PÅSKESPILL: Framføring i katekesemessen 14.03.</strong></li>
<li><strong>PRAKSIS I KATEKESEN FOR KONFIRMANTER:</strong>
<ul>
<li>04.: 9. trinn har praksis på 1.-4. trinn kl. 10.15 &#8211; 11.45 og 11.30 &#8211; 13.00</li>
</ul>
</li>
</ul>
<p>&nbsp;</p>
<h2>AUGUST 2026</h2>
<ul>
<li><strong>KATEKETERETRETT PÅ STELLA MARIS&nbsp;</strong><br />
[bg_collapse view=&raquo;button-orange&raquo; color=&raquo;#4a4949&#8243; expand_text=&raquo;Vis mer&raquo; collapse_text=&raquo;Vis mindre&raquo; ]
<strong>KATEKETRETRETT PÅ STELLA MARIS 21. &#8211; 23. AUGUST 2026</strong><br />
[/bg_collapse]</li>
<li><strong>KATEKETMØTE&nbsp;</strong><br />
[bg_collapse view=&raquo;button-orange&raquo; color=&raquo;#4a4949&#8243; expand_text=&raquo;Vis mer&raquo; collapse_text=&raquo;Vis mindre&raquo; ][/bg_collapse]</li>
</ul>
<p>&nbsp;</p>

<p>AUGUST 2025 RETRETT PÅ STELLA MARIS I MANDAL [bg_collapse view=&raquo;button-orange&raquo; color=&raquo;#4a4949&#8243; icon=&raquo;arrow&raquo; expand_text=&raquo;Vis mer&raquo; collapse_text=&raquo;Vis mindre&raquo; ] Fredag 22.08. begynner retretten med messe kl. 18.00 i St. Ansgar kirke. Etter messen kjører vi samlet til Stella Maris. Søndag 24.08. kl&#8230;.<br /><a class="read-more-button" href="https://stansgar.katolsk.no/?page_id=12125">Read more</a></p>
