{"id":10896,"date":"2022-08-24T13:29:01","date_gmt":"2022-08-24T11:29:01","guid":{"rendered":"https:\/\/stansgar.katolsk.no\/?page_id=10896"},"modified":"2025-10-09T14:09:15","modified_gmt":"2025-10-09T12:09:15","slug":"timeplaner-for-forste-lordag-i-maneden-for-5-8-9-trinn-i-katekesearet-2022-2023","status":"publish","type":"page","link":"https:\/\/stansgar.katolsk.no\/?page_id=10896","title":{"rendered":"TIMEPLANER FOR F\u00d8RSTE L\u00d8RDAG I M\u00c5NEDEN FOR 8 OG 9. TRINN I KATEKESE\u00c5RET 2025 &#8211; 2026"},"content":{"rendered":"\r\n<h4 class=\"has-text-color has-medium-font-size has-vivid-red-color\">SEPTEMBER:<\/h4>\r\n[bg_collapse view=&raquo;button-green&raquo; color=&raquo;#050101&#8243; icon=&raquo;arrow&raquo; expand_text=&raquo;Vis mer&raquo; collapse_text=&raquo;Vis mindre&raquo; ]\r\n<table>\r\n<tbody>\r\n<tr>\r\n<td>\r\n<table>\r\n<tbody>\r\n<tr>\r\n<td>\r\n<p><strong>KATEKESE FOR 8. OG 9. trinn<\/strong><\/p>\r\n<p><strong>&nbsp;<\/strong><strong>20.09.: KATEKESEOPPSTART<br>&nbsp;<\/strong><\/p>\r\n<p><strong><em><u>Kl. 10:00 &#8211; 14:00:&nbsp; 8. og 9. trinn:<\/u><\/em><\/strong><\/p>\r\n<p>\u00b7&nbsp;&nbsp;&nbsp;&nbsp;&nbsp;&nbsp;&nbsp;&nbsp; Kl. 10:00 &#8211; 10:30: Oppstartsm\u00f8te<\/p>\r\n<p>\u00b7&nbsp;&nbsp;&nbsp;&nbsp;&nbsp;&nbsp;&nbsp;&nbsp; Kl. 10:30 &#8211; 11:00: Katekese<\/p>\r\n<p>\u00b7&nbsp;&nbsp;&nbsp;&nbsp;&nbsp;&nbsp;&nbsp;&nbsp; Kl. 11:00 &#8211; 11:30: Lunsj<\/p>\r\n<p>\u00b7&nbsp;&nbsp;&nbsp;&nbsp;&nbsp;&nbsp;&nbsp;&nbsp; Kl. 11:30 &#8211; 12:50: Katekese &#8211; pause&nbsp; &nbsp;etter behov<\/p>\r\n<p>\u00b7&nbsp;&nbsp;&nbsp;&nbsp;&nbsp;&nbsp;&nbsp;&nbsp; Kl. 12:50 &#8211; 12:55: Forflytning til&nbsp; &nbsp;kirka<\/p>\r\n<p>\u00b7&nbsp;&nbsp;&nbsp;&nbsp;&nbsp;&nbsp;&nbsp;&nbsp; Kl. 13:00 &#8211; 14:00: Katekesemesse<\/p>\r\n<p>&nbsp;<\/p>\r\n<p><strong>Det er ikke tilbedelse.<\/strong><\/p>\r\n<\/td>\r\n<\/tr>\r\n<\/tbody>\r\n<\/table>\r\n<p>NB! 19.- 21. september har 9. trinn leir p\u00e5 Stella Maris.&nbsp;<\/p>\r\n<\/td>\r\n<\/tr>\r\n<\/tbody>\r\n<\/table>\r\n[\/bg_collapse]\r\n\r\n\r\n\r\n\r\n\r\n<h4 class=\"has-vivid-red-color has-text-color wp-block-heading\">OKTOBER, NOVEMBER, JANUAR, FEBRUAR, OG MAI:&nbsp;<\/h4>\r\n[bg_collapse view=&raquo;button-green&raquo; color=&raquo;#050101&#8243; icon=&raquo;arrow&raquo; expand_text=&raquo;Vis mer&raquo; collapse_text=&raquo;Vis mindre&raquo; ]\r\n<table>\r\n<tbody>\r\n<tr>\r\n<td>\r\n<table>\r\n<tbody>\r\n<tr>\r\n<td>\r\n<p><strong>KATEKESE FOR 8. OG 9. TRINN:<br><br><\/strong><\/p>\r\n<p>H\u00f8st: <strong>20.09., 18.10., <\/strong>01.11., 06.12.,<\/p>\r\n<p>V\u00e5r: 17.01., 07.02., 07.03., <strong>18.04.<\/strong>, 02.05., 06.06.<\/p>\r\n<p><strong><br><em><u>Kl. 10:00 &#8211; 14:00: 8. og 9. trinn:<\/u><\/em><\/strong><\/p>\r\n<p>\u00b7&nbsp;&nbsp;&nbsp;&nbsp;&nbsp;&nbsp;&nbsp;&nbsp; Kl. 10:00 &#8211; 11:00: Katekese<\/p>\r\n<p>\u00b7&nbsp;&nbsp;&nbsp;&nbsp;&nbsp;&nbsp;&nbsp;&nbsp; Kl. 11:00 &#8211; 11:30: Lunsj<\/p>\r\n<p>\u00b7&nbsp;&nbsp;&nbsp;&nbsp;&nbsp;&nbsp;&nbsp;&nbsp; Kl. 11:30 &#8211; 11:45: Tilbedelse i kirka<\/p>\r\n<p style=\"text-align: left;\">\u00b7&nbsp;&nbsp;&nbsp;&nbsp;&nbsp;&nbsp;&nbsp;&nbsp; Kl. 11:45 &#8211; 12:50: Katekese &#8211; pause&nbsp; &nbsp;etter behov<\/p>\r\n<p>\u00b7&nbsp;&nbsp;&nbsp;&nbsp;&nbsp;&nbsp;&nbsp;&nbsp; Kl. 12:50 &#8211; 12:55: Forflytning til kirka<\/p>\r\n<p>\u00b7&nbsp;&nbsp;&nbsp;&nbsp;&nbsp;&nbsp;&nbsp;&nbsp; Kl. 12:55 &#8211; 13:00: Ungdommene er&nbsp; stille og ber.<\/p>\r\n<p>\u00b7&nbsp;&nbsp;&nbsp;&nbsp;&nbsp;&nbsp;&nbsp;&nbsp; Kl. 13:00 &#8211; 14:00: Katekesemesse<\/p>\r\n<p><strong>NB!<\/strong><\/p>\r\n<p>\u00b7&nbsp;&nbsp;&nbsp;&nbsp;&nbsp;&nbsp;&nbsp;<strong>&nbsp; 19. &#8211; 21<\/strong>. september: 9. trinn er p\u00e5 konfirmasjonsleir p\u00e5 Stella Maris.<\/p>\r\n<p>\u00b7&nbsp;&nbsp;&nbsp;&nbsp;&nbsp;&nbsp;&nbsp;&nbsp; <strong>18.10.:<\/strong> kl. 11:30 &nbsp;rosenkransandakt<\/p>\r\n<p>\u00b7&nbsp;&nbsp;&nbsp;&nbsp;&nbsp;&nbsp;&nbsp;&nbsp;<strong> 18.10<\/strong>.: Feire helgendag Carlos Acutis som var 12.10.<\/p>\r\n<p>\u00b7&nbsp;&nbsp;&nbsp;&nbsp;&nbsp;&nbsp;&nbsp;&nbsp; <strong>01.11.: kl. 10.15 &#8211; 11.30:<\/strong><\/p>\r\n<p>&nbsp; &nbsp; &nbsp; &nbsp; &nbsp; &nbsp; &nbsp; &nbsp; &nbsp; &nbsp; &nbsp; &nbsp; &nbsp; &nbsp; &nbsp; &nbsp; &#8211; Bes\u00f8ke kirkeg\u00e5rden med en prest<br>&nbsp; &nbsp; &nbsp; &nbsp; &nbsp; &nbsp; &nbsp; &nbsp; &nbsp; &nbsp; &nbsp; &nbsp; &nbsp; &nbsp; &nbsp; &nbsp;&#8211; Ikke tilbedelse<\/p>\r\n<p>\u00b7&nbsp;&nbsp;&nbsp;&nbsp;&nbsp;&nbsp;&nbsp;&nbsp; <strong>11.04.<\/strong>: 9. trinn: praksis p\u00e5 1. &#8211; 4. trinn<\/p>\r\n<p>\u00b7&nbsp;&nbsp;&nbsp;&nbsp;&nbsp;&nbsp;&nbsp;&nbsp; <strong>18.04<\/strong>. 9. trinn har ikke katekese<\/p>\r\n<ul>\r\n<li>&nbsp; &nbsp; &nbsp; <strong>02.05.:<\/strong> Rosenkransandakt kl. 11:30<\/li>\r\n<\/ul>\r\n<\/td>\r\n<\/tr>\r\n<\/tbody>\r\n<\/table>\r\n<p>&nbsp;<\/p>\r\n<p>&nbsp; &nbsp; &nbsp; &nbsp; &nbsp;<\/p>\r\n<\/td>\r\n<\/tr>\r\n<tr>\r\n<td>\r\n<p>&nbsp;<\/p>\r\n<\/td>\r\n<\/tr>\r\n<\/tbody>\r\n<\/table>\r\n[\/bg_collapse]\r\n\r\n\r\n\r\n<figure class=\"wp-block-table\"><\/figure>\r\n\r\n\r\n\r\n<h4 class=\"has-vivid-red-color has-text-color wp-block-heading\">DESEMBER og MARS &#8211; SKRIFTEM\u00c5L:<\/h4>\r\n[bg_collapse view=&raquo;button-green&raquo; color=&raquo;#4a4949&#8243; icon=&raquo;arrow&raquo; expand_text=&raquo;Vis mer&raquo; collapse_text=&raquo;Vis mindre&raquo; ]\r\n<table>\r\n<tbody>\r\n<tr>\r\n<td>\r\n<p><strong>KATEKESE FOR 8. OG 9. TRINN:<\/strong><\/p>\r\n<p><strong>06.12.25: Skriftem\u00e5l <\/strong><\/p>\r\n<p><strong>07.03.26: Retrett og skriftem\u00e5l<\/strong><\/p>\r\n<p><strong><em><u>Kl. 10:00 &#8211; 14:00: 8. og 9. trinn:<\/u><\/em><\/strong><\/p>\r\n<p>\u00b7&nbsp;&nbsp;&nbsp;&nbsp;&nbsp;&nbsp;&nbsp;&nbsp; Kl. 10:00 &#8211; 11:00: <br>&nbsp; &nbsp; &nbsp; &nbsp; &nbsp; &nbsp; &nbsp; &nbsp; &nbsp; &nbsp; &nbsp; &nbsp; &#8211; 06.12.: Skriftem\u00e5l og katekese <br>&nbsp; &nbsp; &nbsp; &nbsp; &nbsp; &nbsp; &nbsp; &nbsp; &nbsp; &nbsp; &nbsp; &nbsp; &#8211; 07.03.26: Retrett<\/p>\r\n<p>\u00b7&nbsp;&nbsp;&nbsp;&nbsp;&nbsp;&nbsp;&nbsp;&nbsp; Kl. 11:00 &#8211; 11:30: Lunsj<\/p>\r\n<p>\u00b7&nbsp;&nbsp;&nbsp;&nbsp;&nbsp;&nbsp;&nbsp;&nbsp; Kl. 11:30 \u2013 12.45: Skriftem\u00e5l, katekese<\/p>\r\n<p>\u00b7&nbsp;&nbsp;&nbsp;&nbsp;&nbsp;&nbsp;&nbsp;&nbsp; Kl. 12.55 \u2013 13.00: Forberedelse til katekesemessen<\/p>\r\n<p>\u00b7&nbsp;&nbsp;&nbsp;&nbsp;&nbsp;&nbsp;&nbsp;&nbsp; Kl. 13:00 &#8211; 14:00: Katekesemesse<\/p>\r\n<p><strong>&nbsp;<\/strong><strong>Det er ikke tilbedelse pga. skriftem\u00e5l i kirka.<\/strong><\/p>\r\n<\/td>\r\n<\/tr>\r\n<\/tbody>\r\n<\/table>\r\n<p>&nbsp;<\/p>\r\n[\/bg_collapse]\r\n\r\n\r\n\r\n\r\n\r\n<h4 class=\"has-vivid-red-color has-text-color wp-block-heading\">FELLES AVSLUTNIG I JUNI 2026:<\/h4>\r\n[bg_collapse view=&raquo;button-green&raquo; color=&raquo;#4a4949&#8243; icon=&raquo;arrow&raquo; expand_text=&raquo;Vis mer&raquo; collapse_text=&raquo;Vis mindre&raquo; ]\r\n<table>\r\n<tbody>\r\n<tr>\r\n<td>\r\n<p><strong>KATEKESE FOR 5., 6., 7., 8., 9. TRINN<\/strong><\/p>\r\n<p><strong><br>FELLES AVSLUTNING I KATEKESEN<\/strong><\/p>\r\n<p><strong>06.06.26<br><br><\/strong><\/p>\r\n<p><strong><em><u>Kl. 13:00 &#8211; 17:00: <\/u><\/em><u>5., 6., 7., 8., 9. <em>trinn<\/em><\/u><\/strong><\/p>\r\n<p>\u00b7&nbsp;&nbsp;&nbsp;&nbsp;&nbsp;&nbsp;&nbsp;&nbsp; Kl. 13:00 &#8211; 14:00: Katekesemesse<\/p>\r\n<p>\u00b7&nbsp;&nbsp;&nbsp;&nbsp;&nbsp;&nbsp;&nbsp;&nbsp; Kl. 14:00 &#8211; 15:00: Katekese<\/p>\r\n<p>\u00b7&nbsp;&nbsp;&nbsp;&nbsp;&nbsp;&nbsp;&nbsp;&nbsp; Kl. 15:00 &#8211; 15:30: Lunsj<\/p>\r\n<p>\u00b7&nbsp;&nbsp;&nbsp;&nbsp;&nbsp;&nbsp;&nbsp;&nbsp; Kl. 15:30 &#8211; 16:45: Felles aktiviteter<\/p>\r\n<p>\u00b7&nbsp;&nbsp;&nbsp;&nbsp;&nbsp;&nbsp;&nbsp;&nbsp; Kl. 16.45 &#8211; 17:00: Avslutte i klasse-rommene og god sommer J<\/p>\r\n<p>&nbsp;<\/p>\r\n<p><strong>Det er ikke tilbedelse.<\/strong><\/p>\r\n<p><strong>&nbsp;<\/strong><strong>En eller flere klasser arrangerer felles aktiviteter for alle klassene.<\/strong><\/p>\r\n<\/td>\r\n<\/tr>\r\n<\/tbody>\r\n<\/table>\r\n<p>&nbsp;<\/p>\r\n[\/bg_collapse]\r\n\r\n\r\n\r\n<figure class=\"wp-block-table\"><\/figure>\r\n","protected":false},"excerpt":{"rendered":"<p>SEPTEMBER: [bg_collapse view=&raquo;button-green&raquo; color=&raquo;#050101&#8243; icon=&raquo;arrow&raquo; expand_text=&raquo;Vis mer&raquo; collapse_text=&raquo;Vis mindre&raquo; ] KATEKESE FOR 8. OG 9. trinn &nbsp;20.09.: KATEKESEOPPSTART&nbsp; Kl. 10:00 &#8211; 14:00:&nbsp; 8. og 9. trinn: \u00b7&nbsp;&nbsp;&nbsp;&nbsp;&nbsp;&nbsp;&nbsp;&nbsp; Kl. 10:00 &#8211; 10:30: Oppstartsm\u00f8te \u00b7&nbsp;&nbsp;&nbsp;&nbsp;&nbsp;&nbsp;&nbsp;&nbsp; Kl. 10:30 &#8211; 11:00: Katekese \u00b7&nbsp;&nbsp;&nbsp;&nbsp;&nbsp;&nbsp;&nbsp;&nbsp; Kl&#8230;.<br \/><a class=\"read-more-button\" href=\"https:\/\/stansgar.katolsk.no\/?page_id=10896\">Read more<\/a><\/p>\n","protected":false},"author":1,"featured_media":0,"parent":0,"menu_order":0,"comment_status":"closed","ping_status":"closed","template":"","meta":{"footnotes":""},"class_list":["post-10896","page","type-page","status-publish","hentry"],"_links":{"self":[{"href":"https:\/\/stansgar.katolsk.no\/index.php?rest_route=\/wp\/v2\/pages\/10896","targetHints":{"allow":["GET"]}}],"collection":[{"href":"https:\/\/stansgar.katolsk.no\/index.php?rest_route=\/wp\/v2\/pages"}],"about":[{"href":"https:\/\/stansgar.katolsk.no\/index.php?rest_route=\/wp\/v2\/types\/page"}],"author":[{"embeddable":true,"href":"https:\/\/stansgar.katolsk.no\/index.php?rest_route=\/wp\/v2\/users\/1"}],"replies":[{"embeddable":true,"href":"https:\/\/stansgar.katolsk.no\/index.php?rest_route=%2Fwp%2Fv2%2Fcomments&post=10896"}],"version-history":[{"count":34,"href":"https:\/\/stansgar.katolsk.no\/index.php?rest_route=\/wp\/v2\/pages\/10896\/revisions"}],"predecessor-version":[{"id":22646,"href":"https:\/\/stansgar.katolsk.no\/index.php?rest_route=\/wp\/v2\/pages\/10896\/revisions\/22646"}],"wp:attachment":[{"href":"https:\/\/stansgar.katolsk.no\/index.php?rest_route=%2Fwp%2Fv2%2Fmedia&parent=10896"}],"curies":[{"name":"wp","href":"https:\/\/api.w.org\/{rel}","templated":true}]}}

TIMEPLANER FOR FØRSTE LØRDAG I MÅNEDEN FOR 8 OG 9. TRINN I KATEKESEÅRET 2025 &#8211; 2026

<h4 class="has-text-color has-medium-font-size has-vivid-red-color">SEPTEMBER:</h4>
[bg_collapse view=&raquo;button-green&raquo; color=&raquo;#050101&#8243; icon=&raquo;arrow&raquo; expand_text=&raquo;Vis mer&raquo; collapse_text=&raquo;Vis mindre&raquo; ]
<table>
<tbody>
<tr>
<td>
<table>
<tbody>
<tr>
<td>
<p><strong>KATEKESE FOR 8. OG 9. trinn</strong></p>
<p><strong>&nbsp;</strong><strong>20.09.: KATEKESEOPPSTART<br>&nbsp;</strong></p>
<p><strong><em><u>Kl. 10:00 &#8211; 14:00:&nbsp; 8. og 9. trinn:</u></em></strong></p>
<p>·&nbsp;&nbsp;&nbsp;&nbsp;&nbsp;&nbsp;&nbsp;&nbsp; Kl. 10:00 &#8211; 10:30: Oppstartsmøte</p>
<p>·&nbsp;&nbsp;&nbsp;&nbsp;&nbsp;&nbsp;&nbsp;&nbsp; Kl. 10:30 &#8211; 11:00: Katekese</p>
<p>·&nbsp;&nbsp;&nbsp;&nbsp;&nbsp;&nbsp;&nbsp;&nbsp; Kl. 11:00 &#8211; 11:30: Lunsj</p>
<p>·&nbsp;&nbsp;&nbsp;&nbsp;&nbsp;&nbsp;&nbsp;&nbsp; Kl. 11:30 &#8211; 12:50: Katekese &#8211; pause&nbsp; &nbsp;etter behov</p>
<p>·&nbsp;&nbsp;&nbsp;&nbsp;&nbsp;&nbsp;&nbsp;&nbsp; Kl. 12:50 &#8211; 12:55: Forflytning til&nbsp; &nbsp;kirka</p>
<p>·&nbsp;&nbsp;&nbsp;&nbsp;&nbsp;&nbsp;&nbsp;&nbsp; Kl. 13:00 &#8211; 14:00: Katekesemesse</p>
<p>&nbsp;</p>
<p><strong>Det er ikke tilbedelse.</strong></p>
</td>
</tr>
</tbody>
</table>
<p>NB! 19.- 21. september har 9. trinn leir på Stella Maris.&nbsp;</p>
</td>
</tr>
</tbody>
</table>
[/bg_collapse]





<h4 class="has-vivid-red-color has-text-color wp-block-heading">OKTOBER, NOVEMBER, JANUAR, FEBRUAR, OG MAI:&nbsp;</h4>
[bg_collapse view=&raquo;button-green&raquo; color=&raquo;#050101&#8243; icon=&raquo;arrow&raquo; expand_text=&raquo;Vis mer&raquo; collapse_text=&raquo;Vis mindre&raquo; ]
<table>
<tbody>
<tr>
<td>
<table>
<tbody>
<tr>
<td>
<p><strong>KATEKESE FOR 8. OG 9. TRINN:<br><br></strong></p>
<p>Høst: <strong>20.09., 18.10., </strong>01.11., 06.12.,</p>
<p>Vår: 17.01., 07.02., 07.03., <strong>18.04.</strong>, 02.05., 06.06.</p>
<p><strong><br><em><u>Kl. 10:00 &#8211; 14:00: 8. og 9. trinn:</u></em></strong></p>
<p>·&nbsp;&nbsp;&nbsp;&nbsp;&nbsp;&nbsp;&nbsp;&nbsp; Kl. 10:00 &#8211; 11:00: Katekese</p>
<p>·&nbsp;&nbsp;&nbsp;&nbsp;&nbsp;&nbsp;&nbsp;&nbsp; Kl. 11:00 &#8211; 11:30: Lunsj</p>
<p>·&nbsp;&nbsp;&nbsp;&nbsp;&nbsp;&nbsp;&nbsp;&nbsp; Kl. 11:30 &#8211; 11:45: Tilbedelse i kirka</p>
<p style="text-align: left;">·&nbsp;&nbsp;&nbsp;&nbsp;&nbsp;&nbsp;&nbsp;&nbsp; Kl. 11:45 &#8211; 12:50: Katekese &#8211; pause&nbsp; &nbsp;etter behov</p>
<p>·&nbsp;&nbsp;&nbsp;&nbsp;&nbsp;&nbsp;&nbsp;&nbsp; Kl. 12:50 &#8211; 12:55: Forflytning til kirka</p>
<p>·&nbsp;&nbsp;&nbsp;&nbsp;&nbsp;&nbsp;&nbsp;&nbsp; Kl. 12:55 &#8211; 13:00: Ungdommene er&nbsp; stille og ber.</p>
<p>·&nbsp;&nbsp;&nbsp;&nbsp;&nbsp;&nbsp;&nbsp;&nbsp; Kl. 13:00 &#8211; 14:00: Katekesemesse</p>
<p><strong>NB!</strong></p>
<p>·&nbsp;&nbsp;&nbsp;&nbsp;&nbsp;&nbsp;&nbsp;<strong>&nbsp; 19. &#8211; 21</strong>. september: 9. trinn er på konfirmasjonsleir på Stella Maris.</p>
<p>·&nbsp;&nbsp;&nbsp;&nbsp;&nbsp;&nbsp;&nbsp;&nbsp; <strong>18.10.:</strong> kl. 11:30 &nbsp;rosenkransandakt</p>
<p>·&nbsp;&nbsp;&nbsp;&nbsp;&nbsp;&nbsp;&nbsp;&nbsp;<strong> 18.10</strong>.: Feire helgendag Carlos Acutis som var 12.10.</p>
<p>·&nbsp;&nbsp;&nbsp;&nbsp;&nbsp;&nbsp;&nbsp;&nbsp; <strong>01.11.: kl. 10.15 &#8211; 11.30:</strong></p>
<p>&nbsp; &nbsp; &nbsp; &nbsp; &nbsp; &nbsp; &nbsp; &nbsp; &nbsp; &nbsp; &nbsp; &nbsp; &nbsp; &nbsp; &nbsp; &nbsp; &#8211; Besøke kirkegården med en prest<br>&nbsp; &nbsp; &nbsp; &nbsp; &nbsp; &nbsp; &nbsp; &nbsp; &nbsp; &nbsp; &nbsp; &nbsp; &nbsp; &nbsp; &nbsp; &nbsp;&#8211; Ikke tilbedelse</p>
<p>·&nbsp;&nbsp;&nbsp;&nbsp;&nbsp;&nbsp;&nbsp;&nbsp; <strong>11.04.</strong>: 9. trinn: praksis på 1. &#8211; 4. trinn</p>
<p>·&nbsp;&nbsp;&nbsp;&nbsp;&nbsp;&nbsp;&nbsp;&nbsp; <strong>18.04</strong>. 9. trinn har ikke katekese</p>
<ul>
<li>&nbsp; &nbsp; &nbsp; <strong>02.05.:</strong> Rosenkransandakt kl. 11:30</li>
</ul>
</td>
</tr>
</tbody>
</table>
<p>&nbsp;</p>
<p>&nbsp; &nbsp; &nbsp; &nbsp; &nbsp;</p>
</td>
</tr>
<tr>
<td>
<p>&nbsp;</p>
</td>
</tr>
</tbody>
</table>
[/bg_collapse]



<figure class="wp-block-table"></figure>



<h4 class="has-vivid-red-color has-text-color wp-block-heading">DESEMBER og MARS &#8211; SKRIFTEMÅL:</h4>
[bg_collapse view=&raquo;button-green&raquo; color=&raquo;#4a4949&#8243; icon=&raquo;arrow&raquo; expand_text=&raquo;Vis mer&raquo; collapse_text=&raquo;Vis mindre&raquo; ]
<table>
<tbody>
<tr>
<td>
<p><strong>KATEKESE FOR 8. OG 9. TRINN:</strong></p>
<p><strong>06.12.25: Skriftemål </strong></p>
<p><strong>07.03.26: Retrett og skriftemål</strong></p>
<p><strong><em><u>Kl. 10:00 &#8211; 14:00: 8. og 9. trinn:</u></em></strong></p>
<p>·&nbsp;&nbsp;&nbsp;&nbsp;&nbsp;&nbsp;&nbsp;&nbsp; Kl. 10:00 &#8211; 11:00: <br>&nbsp; &nbsp; &nbsp; &nbsp; &nbsp; &nbsp; &nbsp; &nbsp; &nbsp; &nbsp; &nbsp; &nbsp; &#8211; 06.12.: Skriftemål og katekese <br>&nbsp; &nbsp; &nbsp; &nbsp; &nbsp; &nbsp; &nbsp; &nbsp; &nbsp; &nbsp; &nbsp; &nbsp; &#8211; 07.03.26: Retrett</p>
<p>·&nbsp;&nbsp;&nbsp;&nbsp;&nbsp;&nbsp;&nbsp;&nbsp; Kl. 11:00 &#8211; 11:30: Lunsj</p>
<p>·&nbsp;&nbsp;&nbsp;&nbsp;&nbsp;&nbsp;&nbsp;&nbsp; Kl. 11:30 – 12.45: Skriftemål, katekese</p>
<p>·&nbsp;&nbsp;&nbsp;&nbsp;&nbsp;&nbsp;&nbsp;&nbsp; Kl. 12.55 – 13.00: Forberedelse til katekesemessen</p>
<p>·&nbsp;&nbsp;&nbsp;&nbsp;&nbsp;&nbsp;&nbsp;&nbsp; Kl. 13:00 &#8211; 14:00: Katekesemesse</p>
<p><strong>&nbsp;</strong><strong>Det er ikke tilbedelse pga. skriftemål i kirka.</strong></p>
</td>
</tr>
</tbody>
</table>
<p>&nbsp;</p>
[/bg_collapse]





<h4 class="has-vivid-red-color has-text-color wp-block-heading">FELLES AVSLUTNIG I JUNI 2026:</h4>
[bg_collapse view=&raquo;button-green&raquo; color=&raquo;#4a4949&#8243; icon=&raquo;arrow&raquo; expand_text=&raquo;Vis mer&raquo; collapse_text=&raquo;Vis mindre&raquo; ]
<table>
<tbody>
<tr>
<td>
<p><strong>KATEKESE FOR 5., 6., 7., 8., 9. TRINN</strong></p>
<p><strong><br>FELLES AVSLUTNING I KATEKESEN</strong></p>
<p><strong>06.06.26<br><br></strong></p>
<p><strong><em><u>Kl. 13:00 &#8211; 17:00: </u></em><u>5., 6., 7., 8., 9. <em>trinn</em></u></strong></p>
<p>·&nbsp;&nbsp;&nbsp;&nbsp;&nbsp;&nbsp;&nbsp;&nbsp; Kl. 13:00 &#8211; 14:00: Katekesemesse</p>
<p>·&nbsp;&nbsp;&nbsp;&nbsp;&nbsp;&nbsp;&nbsp;&nbsp; Kl. 14:00 &#8211; 15:00: Katekese</p>
<p>·&nbsp;&nbsp;&nbsp;&nbsp;&nbsp;&nbsp;&nbsp;&nbsp; Kl. 15:00 &#8211; 15:30: Lunsj</p>
<p>·&nbsp;&nbsp;&nbsp;&nbsp;&nbsp;&nbsp;&nbsp;&nbsp; Kl. 15:30 &#8211; 16:45: Felles aktiviteter</p>
<p>·&nbsp;&nbsp;&nbsp;&nbsp;&nbsp;&nbsp;&nbsp;&nbsp; Kl. 16.45 &#8211; 17:00: Avslutte i klasse-rommene og god sommer J</p>
<p>&nbsp;</p>
<p><strong>Det er ikke tilbedelse.</strong></p>
<p><strong>&nbsp;</strong><strong>En eller flere klasser arrangerer felles aktiviteter for alle klassene.</strong></p>
</td>
</tr>
</tbody>
</table>
<p>&nbsp;</p>
[/bg_collapse]



<figure class="wp-block-table"></figure>

<p>SEPTEMBER: [bg_collapse view=&raquo;button-green&raquo; color=&raquo;#050101&#8243; icon=&raquo;arrow&raquo; expand_text=&raquo;Vis mer&raquo; collapse_text=&raquo;Vis mindre&raquo; ] KATEKESE FOR 8. OG 9. trinn &nbsp;20.09.: KATEKESEOPPSTART&nbsp; Kl. 10:00 &#8211; 14:00:&nbsp; 8. og 9. trinn: ·&nbsp;&nbsp;&nbsp;&nbsp;&nbsp;&nbsp;&nbsp;&nbsp; Kl. 10:00 &#8211; 10:30: Oppstartsmøte ·&nbsp;&nbsp;&nbsp;&nbsp;&nbsp;&nbsp;&nbsp;&nbsp; Kl. 10:30 &#8211; 11:00: Katekese ·&nbsp;&nbsp;&nbsp;&nbsp;&nbsp;&nbsp;&nbsp;&nbsp; Kl&#8230;.<br /><a class="read-more-button" href="https://stansgar.katolsk.no/?page_id=10896">Read more</a></p>
