{"id":10621,"date":"2022-07-08T09:45:33","date_gmt":"2022-07-08T07:45:33","guid":{"rendered":"https:\/\/stansgar.katolsk.no\/?page_id=10621"},"modified":"2023-01-13T14:04:46","modified_gmt":"2023-01-13T13:04:46","slug":"den-gode-hyrde-katekese","status":"publish","type":"page","link":"https:\/\/stansgar.katolsk.no\/?page_id=10621","title":{"rendered":"Den Gode Hyrde Katekese"},"content":{"rendered":"\n<p>Noen av klassene i katekesen bruker <em>Den Gode Hyrde Katekese<\/em> (DGHK) i katekesen.<br>I denne katekesen f\u00e5r barna n\u00e6r\u00adme seg troens mysterier i sitt eget tempo. De f\u00e5r presentert emner fra Bibelen og liturgien ved hjelp av materiell som er spesielt tilrettelagt for deres aldersgruppe. Barna f\u00e5r s\u00e5 velge \u00e5 arbeide videre med materiellet og innholdet p\u00e5 forskjellige m\u00e5ter. <\/p>\n\n\n\n<p>M\u00e5let for denne katekesen er \u00e5 hjelpe barna til selv \u00e5 komme n\u00e6rmere Gud. B\u00f8nnen har en sentral plass i det rommet der denne katekesen foreg\u00e5r, atriet. <\/p>\n\n\n\n<p>Den Gode Hyrde Katekese er utviklet av den italienske, katol\u00adske bibelforskeren Sophia Cavalletti i samarbeid med Gianna Gobbi for om lag 50 \u00e5r siden. Katekesen er bygget opp p\u00e5 Maria Montessoris pedagogiske metode, og er fra 3-12 \u00e5r. Katekesen er i dag spredt omkring i omlag 40 land i verden.<\/p>\n\n\n\n<p>BROSJYREN OM KURSET TIL DGHK<\/p>\n\n\n\n<div class=\"wp-block-file\"><a href=\"https:\/\/stansgar.katolsk.no\/wp-content\/uploads\/2023\/01\/Den-Gode-Hyrde-brosjyre_8.1.23.pdf\">Den-Gode-Hyrde-brosjyre_8.1.23<\/a><a href=\"https:\/\/stansgar.katolsk.no\/wp-content\/uploads\/2023\/01\/Den-Gode-Hyrde-brosjyre_8.1.23.pdf\" class=\"wp-block-file__button\" download>Last ned<\/a><\/div>\n\n\n\n<div class=\"wp-block-file\"><a href=\"https:\/\/stansgar.katolsk.no\/wp-content\/uploads\/2023\/01\/DGHK-KURS_Plakat_St.-Ansgar_2023_3.-versjon-002.pdf\">DGHK-KURS_Plakat_St.-Ansgar_2023_3.-versjon-002<\/a><a href=\"https:\/\/stansgar.katolsk.no\/wp-content\/uploads\/2023\/01\/DGHK-KURS_Plakat_St.-Ansgar_2023_3.-versjon-002.pdf\" class=\"wp-block-file__button\" download>Last ned<\/a><\/div>\n","protected":false},"excerpt":{"rendered":"<p>Noen av klassene i katekesen bruker Den Gode Hyrde Katekese (DGHK) i katekesen.I denne katekesen f\u00e5r barna n\u00e6r\u00adme seg troens mysterier i sitt eget tempo. De f\u00e5r presentert emner fra Bibelen og liturgien ved hjelp av materiell som er spesielt&#8230;<br \/><a class=\"read-more-button\" href=\"https:\/\/stansgar.katolsk.no\/?page_id=10621\">Read more<\/a><\/p>\n","protected":false},"author":1,"featured_media":0,"parent":0,"menu_order":0,"comment_status":"closed","ping_status":"closed","template":"","meta":{"footnotes":""},"class_list":["post-10621","page","type-page","status-publish","hentry"],"_links":{"self":[{"href":"https:\/\/stansgar.katolsk.no\/index.php?rest_route=\/wp\/v2\/pages\/10621","targetHints":{"allow":["GET"]}}],"collection":[{"href":"https:\/\/stansgar.katolsk.no\/index.php?rest_route=\/wp\/v2\/pages"}],"about":[{"href":"https:\/\/stansgar.katolsk.no\/index.php?rest_route=\/wp\/v2\/types\/page"}],"author":[{"embeddable":true,"href":"https:\/\/stansgar.katolsk.no\/index.php?rest_route=\/wp\/v2\/users\/1"}],"replies":[{"embeddable":true,"href":"https:\/\/stansgar.katolsk.no\/index.php?rest_route=%2Fwp%2Fv2%2Fcomments&post=10621"}],"version-history":[{"count":6,"href":"https:\/\/stansgar.katolsk.no\/index.php?rest_route=\/wp\/v2\/pages\/10621\/revisions"}],"predecessor-version":[{"id":11504,"href":"https:\/\/stansgar.katolsk.no\/index.php?rest_route=\/wp\/v2\/pages\/10621\/revisions\/11504"}],"wp:attachment":[{"href":"https:\/\/stansgar.katolsk.no\/index.php?rest_route=%2Fwp%2Fv2%2Fmedia&parent=10621"}],"curies":[{"name":"wp","href":"https:\/\/api.w.org\/{rel}","templated":true}]}}